770?
70
What is the highest common divisor of 58 and 35757?
29
Calculate the greatest common factor of 198 and 252670.
22
What is the highest common divisor of 41064 and 10620?
708
Calculate the greatest common factor of 46 and 697268.
46
Calculate the highest common divisor of 15442 and 9464.
14
What is the highest common factor of 7922 and 1007026?
466
Calculate the highest common factor of 10714 and 1408.
22
What is the greatest common divisor of 84887 and 22?
11
Calculate the greatest common factor of 15006 and 738.
246
What is the highest common factor of 31850 and 1456?
182
What is the greatest common factor of 3578944 and 8?
8
Calculate the greatest common factor of 27816 and 2508.
228
What is the highest common divisor of 54076 and 242?
22
What is the highest common factor of 1155 and 8140?
55
Calculate the highest common factor of 188 and 937509.
47
What is the greatest common divisor of 875 and 3255875?
875
Calculate the highest common divisor of 21 and 1355151.
21
Calculate the highest common factor of 367704 and 216.
72
Calculate the highest common factor of 48 and 2956832.
16
Calculate the greatest common factor of 877760 and 192.
64
What is the highest common divisor of 1944 and 12861?
9
Calculate the highest common divisor of 44 and 171578.
22
Calculate the greatest common divisor of 39746 and 112.
14
What is the greatest common divisor of 127049 and 2359?
337
What is the greatest common divisor of 8946 and 156058?
994
Calculate the greatest common factor of 59389 and 99.
11
What is the highest common divisor of 121 and 13794?
121
Calculate the highest common divisor of 98496 and 360.
72
Calculate the highest common divisor of 11097 and 5589.
81
Calculate the highest common factor of 1698 and 9606.
6
Calculate the greatest common factor of 276733 and 381.
127
Calculate the highest common divisor of 1536 and 111.
3
Calculate the greatest common divisor of 2464 and 12089.
77
What is the highest common factor of 11 and 1286032?
11
Calculate the greatest common divisor of 35945 and 91.
91
What is the highest common factor of 888 and 333?
111
What is the greatest common factor of 15 and 48255?
15
What is the highest common factor of 185554 and 514?
514
Calculate the highest common divisor of 25377 and 99.
33
What is the greatest common divisor of 59 and 1490340?
59
What is the highest common factor of 2280824 and 1687?
1687
Calculate the greatest common divisor of 312400 and 48422.
1562
Calculate the greatest common divisor of 100698 and 7176.
78
Calculate the greatest common factor of 12448 and 499087.
389
Calculate the greatest common divisor of 56 and 27200.
8
Calculate the highest common factor of 942 and 556879.
157
Calculate the highest common divisor of 70125 and 120.
15
Calculate the greatest common divisor of 48 and 75252.
12
What is the highest common factor of 3936 and 48960?
96
What is the greatest common factor of 2017 and 31?
1
What is the highest common divisor of 42103 and 5112?
71
Calculate the greatest common divisor of 1638 and 11403.
63
Calculate the highest common factor of 27 and 48954.
3
Calculate the greatest common factor of 3302536 and 1696.
424
What is the highest common factor of 1031871 and 228?
57
Calculate the greatest common factor of 1772 and 244.
4
What is the highest common factor of 887572 and 84?
28
Calculate the greatest common factor of 168 and 31128.
24
Calculate the greatest common factor of 74 and 10770478.
74
Calculate the greatest common divisor of 21 and 4764.
3
Calculate the greatest common factor of 24 and 168176.
8
Calculate the greatest common divisor of 209930 and 84.
14
What is the greatest common divisor of 24383 and 1591?
37
What is the greatest common factor of 3795692 and 136?
68
What is the greatest common divisor of 262418 and 1248?
26
What is the highest common factor of 1042 and 68?
2
Calculate the greatest common factor of 15 and 6693.
3
What is the greatest common factor of 738 and 6519?
123
What is the greatest common factor of 42 and 1103403?
21
Calculate the greatest common divisor of 408 and 20094.
102
What is the greatest common factor of 130 and 23755?
5
What is the greatest common divisor of 385485 and 1023?
93
What is the highest common factor of 78 and 15522?
78
Calculate the highest common factor of 181 and 198557.
181
What is the greatest common factor of 25 and 329950?
25
What is the greatest common factor of 140 and 889910?
70
Calculate the highest common factor of 12 and 2194.
2
Calculate the highest common divisor of 162 and 5797602.
54
Calculate the greatest common divisor of 2232 and 13509.
9
Calculate the highest common factor of 682 and 1310463.
341
What is the highest common divisor of 2595 and 31659?
519
What is the highest common factor of 5198 and 72094?
226
What is the greatest common factor of 35902 and 696?
58
Calculate the greatest common divisor of 2870 and 1890.
70
Calculate the highest common divisor of 735220 and 20.
20
What is the highest common divisor of 174190 and 10?
10
What is the greatest common factor of 208157 and 41?
41
What is the greatest common factor of 151410 and 75?
15
Calculate the highest common factor of 75402 and 2556.
1278
What is the highest common factor of 800 and 728200?
200
Calculate the greatest common divisor of 1712 and 56282.
214
Calculate the greatest common factor of 1351 and 145715.
193
What is the greatest common factor of 392 and 222607?
49
Calculate the highest common divisor of 99 and 168003.
99
What is the highest common factor of 29805 and 105?
15
What is the highest common divisor of 114763 and 77?
11
Calculate the greatest common factor of 22890 and 255.
15
Calculate the greatest common divisor of 56 and 1081072.
8
What is the greatest common factor of 2918256 and 352?
176
What is the greatest common divisor of 46680 and 33?
3
Calculate the greatest common divisor of 6 and 4461096.
6
What is the greatest common factor of 3 and 282927?
3
What is the greatest common factor of 1196 and 4654?
26
What is the greatest common divisor of 182 and 52500?
14
What is the greatest common factor of 357 and 38641?
17
Calculate the greatest common factor of 14233 and 387.
43
Calculate the highest common factor of 135 and 399015.
45
Calculate the greatest common divisor of 415 and 105078.
83
What is the greatest common factor of 7368 and 892756?
1228
What is the highest common factor of 32 and 141952?
32
What is the highest common divisor of 20713 and 308?
77
What is the greatest common divisor of 3786 and 1350?
6
What is the highest common divisor of 5088 and 1176?
24
Calculate the greatest common factor of 839 and 7957915.
839
What is the highest common divisor of 43498 and 2002?
182
What is the greatest common divisor of 26733 and 2128?
133
Calculate the highest common divisor of 4418 and 2350.
94
What is the highest common factor of 475022 and 3270?
218
Calculate the greatest common factor of 17 and 4198099.
17
Calculate the greatest common divisor of 16359 and 18487.
133
Calculate the highest common divisor of 52 and 199446.
26
Calculate the greatest common factor of 252 and 21728.
28
Calculate the highest common divisor of 651 and 13503.
21
Calculate the greatest common factor of 346 and 73179.
173
What is the greatest common divisor of 5660 and 30?
10
What is the greatest common divisor of 1818718 and 1083?
361
What is the highest common factor of 24 and 145832?
8
Calculate the greatest common factor of 852 and 16332.
12
Calculate the highest common factor of 6435 and 8775.
585
Calculate the highest common factor of 171 and 9671.
19
Calculate the greatest common factor of 777 and 72156.
21
What is the greatest common factor of 1435738 and 328?
82
What is the greatest common divisor of 4059 and 53587?
41
What is the greatest common factor of 23 and 3559319?
23
What is the highest common divisor of 5181 and 33?
33
What is the highest common factor of 50 and 1061050?
50
Calculate the greatest common factor of 61 and 173423.
61
Calculate the highest common divisor of 851 and 592.
37
What is the highest common factor of 326 and 879548?
326
What is the highest common divisor of 68456 and 23048?
344
Calculate the highest common factor of 3804 and 33.
3
What is the greatest common factor of 669 and 249?
3
What is th